3 - -2) + 716 + 11 is divided by 29?
26
Suppose 0 = 184*s - 182*s + 350. Let d = -120 - s. What is the remainder when d is divided by 27?
1
Suppose 352 = 207*c - 203*c. What is the remainder when 879 is divided by c?
87
Suppose 4*l - 10 = s, 4*s - 36 = -5*l + 2*l. Let d be (38 - -1)*(-102)/(-9). Let i = d - 427. What is the remainder when i is divided by s?
3
Let o be -3 - 1*(-13 - -3). Suppose 4 + 10 = -o*n. What is the remainder when 40 is divided by n*2/12*3 + 22?
19
Suppose 26*v - 241 = 357. Suppose 5 - v = -2*k. What is the remainder when 80 is divided by k?
8
Let u be (-10)/(-90) + (-5128)/(-18). Let b = u - 145. Suppose 4*y + 2*h = b, -11*y - 3*h - 86 = -13*y. What is the remainder when y is divided by 20?
17
Let b(y) = -151*y + 821. What is the remainder when 3431 is divided by b(5)?
65
Suppose 19*p = 41*p - 3124. What is the remainder when p is divided by 16?
14
Suppose 6*v = v + 3*a + 650, -3*a = 3*v - 390. Let u = 78310 - 78283. Calculate the remainder when v is divided by u.
22
Let o = -75 - -105. Calculate the remainder when (1348/(-3) - -1)*(-1731)/2885 is divided by o.
29
Let c = 26 - 4. Let i = -125 + 234. What is the remainder when i is divided by c?
21
Let h(i) = -6*i - 56. Let p be h(-11). Suppose 0 = 5*w + p, -185 = -5*k + 4*w - 42. What is the remainder when k is divided by 14?
13
Suppose 675 = 5*b - 4*c, 44 = 5*b + c - 631. Suppose 9242 = 194*n + 2646. Calculate the remainder when b is divided by n.
33
What is the remainder when (-24)/(4320/(-146940)) - 10/(-6) is divided by 26?
12
Suppose 5*g = 17*g - 60. Suppose 6*o = -g*f + 4*o + 77, 2*f = -3*o + 22. Calculate the remainder when 320 is divided by f.
14
Let x = 142 + -67. Suppose 2*h = -2*h - 12, -3*s = -5*h - 93. Suppose -s = -179*q + 177*q. What is the remainder when x is divided by q?
10
Let f = 5467 - 5345. Calculate the remainder when f is divided by 93.
29
Let z = -3305 - -5579. What is the remainder when z is divided by 35?
34
Let p = -50 - -47. Calculate the remainder when -1 + (-42)/(2 + -3) is divided by (-16)/(-48) - 32/p.
8
Let r(t) = t**2 + 63*t + 1292. Calculate the remainder when 2259 is divided by r(-60).
35
Let q(s) = 5*s**2 + 97*s + 776. What is the remainder when q(-9) is divided by 184?
124
Suppose -4*o + 0*o - 44 = -3*b, 4*b + o - 65 = 0. Suppose -m + 20 + b = 5*u, 4*m - 25 = -3*u. Calculate the remainder when 16 is divided by u.
2
Let z be (-1 - 2 - 0) + 5. Calculate the remainder when 299 is divided by 29 + (-6 + z - -5).
29
Let p = -5004 + 5069. Calculate the remainder when 162 is divided by p.
32
Suppose -5*z - j + 1022 = 0, 0 = 4*j + 2 + 10. What is the remainder when z is divided by 105?
100
Suppose -28 = -5*f + 2. Suppose f = 2*d, 0*w = -3*w + 3*d + 216. What is the remainder when w is divided by 10?
5
Let n(q) = -4*q**3 + 2*q**2 - 9*q - 2. Let f be n(-4). Suppose 50*i = 57*i - f. Calculate the remainder when i is divided by 5.
1
Suppose -n = 2*p - 1192 + 1118, 3*p - 59 = 5*n. Calculate the remainder when 18677 is divided by p.
32
Let b(w) = -5*w + 171. Suppose 15*p = -6*p + 630. What is the remainder when 41 is divided by b(p)?
20
Suppose -173 = -g + 4*o, -3*g + 9 = -2*o - 530. What is the remainder when g is divided by 23?
20
Suppose 4753*h = 4736*h + 6222. Calculate the remainder when 1234 is divided by h.
136
Suppose 72 + 77 + 291 = 10*x. Calculate the remainder when 80 is divided by x.
36
Let g = 467 + -966. Let o = g + 520. Suppose j - 16 = -j. Calculate the remainder when o is divided by j.
5
Let l = 118 + -117. Calculate the remainder when 26 is divided by 2 + 5 - (3 - l).
1
Suppose 5*s = 3*c - 365, 14*c + 4*s - 559 = 9*c. Calculate the remainder when c is divided by 30.
25
Let d(t) = 6*t**3 - 2*t**2 - 3*t + 3. Let a(w) = 3*w**3 + 35*w**2 + 38*w - 11. What is the remainder when a(-10) is divided by d(2)?
35
Suppose -24*q - 2 = -890. What is the remainder when 244 is divided by q?
22
Let x(j) = j**3 - 6*j + 54. Calculate the remainder when 181 is divided by x(3).
55
Let r(i) = 2*i**2 + 46*i + 554. Calculate the remainder when r(-13) is divided by 72.
6
Suppose 23*q - 5*m = 18*q + 8945, 3*q + 6*m = 5385. Calculate the remainder when q is divided by 20.
11
Let b = 3604 + -1660. Calculate the remainder when b is divided by 39.
33
Suppose 8*v - 3888 = 4*v. Calculate the remainder when 101 is divided by v/63*21/6.
47
Suppose 7*k - 18700 = 3*k. What is the remainder when k/10*(-24)/(-30) is divided by 47?
45
Let b(r) = 83*r - 2558. What is the remainder when b(83) is divided by 24?
11
Let d(b) = 2*b + 1. Let l be d(-1). Let s(m) = 7*m - 22. Calculate the remainder when 23/((l/(-2))/1) is divided by s(5).
7
Let l be 16/(-128) - 1810/(-16). Let g = -85 + l. What is the remainder when g is divided by 8?
4
Let h = -577 + 982. Calculate the remainder when h is divided by 58.
57
Let j = 8897 + -8853. Calculate the remainder when 5491 is divided by j.
35
What is the remainder when ((-410)/(-246))/((-71)/72 + 1) is divided by 63?
57
Suppose 0 = 3*f + 6, -14 = 4*i - 2*f - 10. Calculate the remainder when 57 is divided by ((-2)/(-10) - (-158)/10) + i.
1
Let u = -1915 - -2819. Calculate the remainder when u is divided by 230.
214
Calculate the remainder when (46 - -8)/6 - (4 + -32) is divided by 4/(-8) - 21/(-2).
7
What is the remainder when (-59 - -49) + -2 + 286 is divided by 29?
13
Suppose 14*a + 1080 = 19*a. Suppose 4*h - 12*h + a = 0. What is the remainder when 103 is divided by h?
22
Suppose 4*c = 2*o + 814, 7*o - 9*o = -3*c + 610. Calculate the remainder when c is divided by 41.
40
Let t(i) = i**3 + 10*i**2 - 13*i - 37. Calculate the remainder when t(-10) is divided by (64/28)/(3/21).
13
Let v be ((-42)/15)/((-22)/55). Suppose v*x - 771 = 174. Calculate the remainder when x is divided by 35.
30
Let d = -10549 - -10557. Calculate the remainder when 101 is divided by d.
5
Suppose -52*h = -17*h - 10*h - 157350. What is the remainder when h is divided by 3140?
14
Calculate the remainder when 157 is divided by (-81)/(-36)*-22*(-4)/6.
25
Suppose 4*s = -3*j - 15, -2*s - 4*j - 5 - 15 = 0. Suppose 3*t - 243 = -s*t. Calculate the remainder when t is divided by (-835)/(-20) - (-1 + -2)/12.
39
Suppose -32*f + 108 = 4*f. Suppose -3*a + 92*b = 95*b - 144, -f*b - 111 = -2*a. What is the remainder when a is divided by 4?
3
Let x(b) = 14*b + 70. Let y be x(-7). Calculate the remainder when 5 is divided by (y/4 - -6) + 10/2.
1
Suppose 14532 + 37918 = 25*y. What is the remainder when y is divided by 75?
73
Suppose 7*x - 12*x = -u + 26, 86 = 4*u - 2*x. Let p(b) = b**2 + 9*b - 18. Calculate the remainder when u is divided by p(-11).
1
Let l = -343 - -369. Suppose -5*n + 5*g - 2 - 13 = 0, -3*g - 21 = 2*n. What is the remainder when 2 + n - (0 + l)/(-2) is divided by 6?
3
Let s(w) = -w - 1. Let v = -19548 + 19561. Calculate the remainder when v is divided by s(-6).
3
Let v be (-220)/(-15)*(-9)/(-6). Suppose -8*d + v*d = 3878. What is the remainder when d is divided by 56?
53
Let l = 386 - 7. Let j = l - 371. Calculate the remainder when 26 is divided by j.
2
Suppose 0 = 3*p + 18, 130*p + 129 = 5*c + 131*p. Calculate the remainder when 77 is divided by c.
23
Let h(r) = r**3 - 2*r**2 - 19*r + 8. Let f = 209 - 203. Calculate the remainder when 147 is divided by h(f).
33
Suppose -5*f = -4*z - 219 + 100, -2*f = -5*z - 34. What is the remainder when 5613 is divided by f?
24
Let j(o) = 9*o + 991. What is the remainder when j(-44) is divided by 24?
19
Suppose 88*t - 169784 = -19392. What is the remainder when t is divided by 1686?
23
Let z = -24 + 59. Let b = 474 - 450. Suppose 6*d - 144 = -b. Calculate the remainder when z is divided by d.
15
Suppose 2*z + 8 = z - 3*c, -8 = 3*z + 5*c. Let s be (-97520)/100 + 8/(-10). Let w = s - -987. What is the remainder when w is divided by z?
3
Let h(g) = 13*g - 1. Suppose 0 = -7*s + 28 + 7. Let r be h(s). Suppose 4*x = -l + 5*l + r, 4*l = 5*x - 82. Calculate the remainder when 52 is divided by x.
16
Let g be (-2)/((-6)/(-21)) - -1. Suppose -2*h - 30 = -4*w, 3*h - 5*w + 53 = -w. What is the remainder when (-20 - h)*(-1 - g) is divided by 9?
6
Let g(m) = -22*m + 1. Suppose 4*i + 14 = 2*f, -i = 5 - 3. Suppose w + 455 = 5*s, -s - 165 = -f*s - 3*w. Calculate the remainder when s is divided by g(-1).
21
Let j = -23 - 2. What is the remai